{"id":1151,"date":"2021-06-01T11:11:40","date_gmt":"2021-06-01T09:11:40","guid":{"rendered":"https:\/\/www.paulusgemeinde-erbenheim.de\/?page_id=1151"},"modified":"2021-08-16T13:23:02","modified_gmt":"2021-08-16T11:23:02","slug":"gemeindehaus","status":"publish","type":"page","link":"https:\/\/www.paulusgemeinde-erbenheim.de\/?page_id=1151","title":{"rendered":"Gemeindehaus"},"content":{"rendered":"\n<h4 class=\"wp-block-heading\">Der zentrale Begegnungspunkt<\/h4>\n\n\n\n<p>der Gemeinde ist das in der <strong>Lilientalstra\u00dfe 15<\/strong> gelegene Gemeindehaus.<\/p>\n\n\n\n<figure class=\"wp-block-image size-large is-resized\"><img loading=\"lazy\" decoding=\"async\" src=\"https:\/\/www.paulusgemeinde-erbenheim.de\/wp-content\/uploads\/2021\/05\/gemeindehaus-1024x768.jpg\" alt=\"\" class=\"wp-image-1077\" width=\"484\" height=\"363\" srcset=\"https:\/\/www.paulusgemeinde-erbenheim.de\/wp-content\/uploads\/2021\/05\/gemeindehaus-1024x768.jpg 1024w, https:\/\/www.paulusgemeinde-erbenheim.de\/wp-content\/uploads\/2021\/05\/gemeindehaus-300x225.jpg 300w, https:\/\/www.paulusgemeinde-erbenheim.de\/wp-content\/uploads\/2021\/05\/gemeindehaus-768x576.jpg 768w, https:\/\/www.paulusgemeinde-erbenheim.de\/wp-content\/uploads\/2021\/05\/gemeindehaus-1536x1152.jpg 1536w, https:\/\/www.paulusgemeinde-erbenheim.de\/wp-content\/uploads\/2021\/05\/gemeindehaus-2048x1536.jpg 2048w\" sizes=\"auto, (max-width: 484px) 100vw, 484px\" \/><figcaption>Gemeindehaus &#8211; Aussenansicht<\/figcaption><\/figure>\n\n\n\n<p>Beide S\u00e4le k\u00f6nnen f\u00fcr private Feiern angemietet werden. Der kleine Saal bietet Platz f\u00fcr max. 30 Personen (mit Tischen) bzw. 50 Personen (mit Kinobestuhlung), w\u00e4hrend der gro\u00dfe Saal Platz f\u00fcr max. 80 Personen (mit Tischen) bzw. 110 Personen (mit Kinobestuhlung), eine B\u00fchne sowie eine Gro\u00dfleinwand bietet.<br>F\u00fcr Terminanfragen wenden Sie sich bitte an das <a href=\"https:\/\/www.paulusgemeinde-erbenheim.de\/?page_id=1108\" data-type=\"page\" data-id=\"1108\">Pfarrb\u00fcro<\/a>.<\/p>\n\n\n\n<figure class=\"wp-block-image size-large is-resized\"><img loading=\"lazy\" decoding=\"async\" src=\"https:\/\/www.paulusgemeinde-erbenheim.de\/wp-content\/uploads\/2021\/05\/GemeindehausGr-1024x768.jpg\" alt=\"\" class=\"wp-image-1078\" width=\"485\" height=\"364\" srcset=\"https:\/\/www.paulusgemeinde-erbenheim.de\/wp-content\/uploads\/2021\/05\/GemeindehausGr-1024x768.jpg 1024w, https:\/\/www.paulusgemeinde-erbenheim.de\/wp-content\/uploads\/2021\/05\/GemeindehausGr-300x225.jpg 300w, https:\/\/www.paulusgemeinde-erbenheim.de\/wp-content\/uploads\/2021\/05\/GemeindehausGr-768x576.jpg 768w, https:\/\/www.paulusgemeinde-erbenheim.de\/wp-content\/uploads\/2021\/05\/GemeindehausGr.jpg 1536w\" sizes=\"auto, (max-width: 485px) 100vw, 485px\" \/><figcaption>Gemeindehaus &#8211; Gro\u00dfer Saal<\/figcaption><\/figure>\n\n\n\n<figure class=\"wp-block-image size-large is-resized\"><img loading=\"lazy\" decoding=\"async\" src=\"https:\/\/www.paulusgemeinde-erbenheim.de\/wp-content\/uploads\/2021\/05\/GemeindehausKl-1024x768.jpg\" alt=\"\" class=\"wp-image-1079\" width=\"482\" height=\"362\" srcset=\"https:\/\/www.paulusgemeinde-erbenheim.de\/wp-content\/uploads\/2021\/05\/GemeindehausKl-1024x768.jpg 1024w, https:\/\/www.paulusgemeinde-erbenheim.de\/wp-content\/uploads\/2021\/05\/GemeindehausKl-300x225.jpg 300w, https:\/\/www.paulusgemeinde-erbenheim.de\/wp-content\/uploads\/2021\/05\/GemeindehausKl-768x576.jpg 768w, https:\/\/www.paulusgemeinde-erbenheim.de\/wp-content\/uploads\/2021\/05\/GemeindehausKl.jpg 1037w\" sizes=\"auto, (max-width: 482px) 100vw, 482px\" \/><figcaption>Gemeindehaus &#8211; Kleiner Saal<\/figcaption><\/figure>\n","protected":false},"excerpt":{"rendered":"<p>Der zentrale Begegnungspunkt der Gemeinde ist das in der Lilientalstra\u00dfe 15 gelegene Gemeindehaus. Beide S\u00e4le k\u00f6nnen f\u00fcr private Feiern angemietet werden. Der kleine Saal bietet Platz f\u00fcr max. 30 Personen (mit Tischen) bzw. 50 Personen (mit Kinobestuhlung), w\u00e4hrend der gro\u00dfe<\/p>\n","protected":false},"author":9,"featured_media":0,"parent":0,"menu_order":0,"comment_status":"closed","ping_status":"closed","template":"","meta":{"footnotes":""},"class_list":["post-1151","page","type-page","status-publish","hentry"],"_links":{"self":[{"href":"https:\/\/www.paulusgemeinde-erbenheim.de\/index.php?rest_route=\/wp\/v2\/pages\/1151","targetHints":{"allow":["GET"]}}],"collection":[{"href":"https:\/\/www.paulusgemeinde-erbenheim.de\/index.php?rest_route=\/wp\/v2\/pages"}],"about":[{"href":"https:\/\/www.paulusgemeinde-erbenheim.de\/index.php?rest_route=\/wp\/v2\/types\/page"}],"author":[{"embeddable":true,"href":"https:\/\/www.paulusgemeinde-erbenheim.de\/index.php?rest_route=\/wp\/v2\/users\/9"}],"replies":[{"embeddable":true,"href":"https:\/\/www.paulusgemeinde-erbenheim.de\/index.php?rest_route=%2Fwp%2Fv2%2Fcomments&post=1151"}],"version-history":[{"count":2,"href":"https:\/\/www.paulusgemeinde-erbenheim.de\/index.php?rest_route=\/wp\/v2\/pages\/1151\/revisions"}],"predecessor-version":[{"id":1380,"href":"https:\/\/www.paulusgemeinde-erbenheim.de\/index.php?rest_route=\/wp\/v2\/pages\/1151\/revisions\/1380"}],"wp:attachment":[{"href":"https:\/\/www.paulusgemeinde-erbenheim.de\/index.php?rest_route=%2Fwp%2Fv2%2Fmedia&parent=1151"}],"curies":[{"name":"wp","href":"https:\/\/api.w.org\/{rel}","templated":true}]}}

<h4 class="wp-block-heading">Der zentrale Begegnungspunkt</h4>



<p>der Gemeinde ist das in der <strong>Lilientalstraße 15</strong> gelegene Gemeindehaus.</p>



<figure class="wp-block-image size-large is-resized"><img loading="lazy" decoding="async" src="https://www.paulusgemeinde-erbenheim.de/wp-content/uploads/2021/05/gemeindehaus-1024x768.jpg" alt="" class="wp-image-1077" width="484" height="363" srcset="https://www.paulusgemeinde-erbenheim.de/wp-content/uploads/2021/05/gemeindehaus-1024x768.jpg 1024w, https://www.paulusgemeinde-erbenheim.de/wp-content/uploads/2021/05/gemeindehaus-300x225.jpg 300w, https://www.paulusgemeinde-erbenheim.de/wp-content/uploads/2021/05/gemeindehaus-768x576.jpg 768w, https://www.paulusgemeinde-erbenheim.de/wp-content/uploads/2021/05/gemeindehaus-1536x1152.jpg 1536w, https://www.paulusgemeinde-erbenheim.de/wp-content/uploads/2021/05/gemeindehaus-2048x1536.jpg 2048w" sizes="auto, (max-width: 484px) 100vw, 484px" /><figcaption>Gemeindehaus &#8211; Aussenansicht</figcaption></figure>



<p>Beide Säle können für private Feiern angemietet werden. Der kleine Saal bietet Platz für max. 30 Personen (mit Tischen) bzw. 50 Personen (mit Kinobestuhlung), während der große Saal Platz für max. 80 Personen (mit Tischen) bzw. 110 Personen (mit Kinobestuhlung), eine Bühne sowie eine Großleinwand bietet.<br>Für Terminanfragen wenden Sie sich bitte an das <a href="https://www.paulusgemeinde-erbenheim.de/?page_id=1108" data-type="page" data-id="1108">Pfarrbüro</a>.</p>



<figure class="wp-block-image size-large is-resized"><img loading="lazy" decoding="async" src="https://www.paulusgemeinde-erbenheim.de/wp-content/uploads/2021/05/GemeindehausGr-1024x768.jpg" alt="" class="wp-image-1078" width="485" height="364" srcset="https://www.paulusgemeinde-erbenheim.de/wp-content/uploads/2021/05/GemeindehausGr-1024x768.jpg 1024w, https://www.paulusgemeinde-erbenheim.de/wp-content/uploads/2021/05/GemeindehausGr-300x225.jpg 300w, https://www.paulusgemeinde-erbenheim.de/wp-content/uploads/2021/05/GemeindehausGr-768x576.jpg 768w, https://www.paulusgemeinde-erbenheim.de/wp-content/uploads/2021/05/GemeindehausGr.jpg 1536w" sizes="auto, (max-width: 485px) 100vw, 485px" /><figcaption>Gemeindehaus &#8211; Großer Saal</figcaption></figure>



<figure class="wp-block-image size-large is-resized"><img loading="lazy" decoding="async" src="https://www.paulusgemeinde-erbenheim.de/wp-content/uploads/2021/05/GemeindehausKl-1024x768.jpg" alt="" class="wp-image-1079" width="482" height="362" srcset="https://www.paulusgemeinde-erbenheim.de/wp-content/uploads/2021/05/GemeindehausKl-1024x768.jpg 1024w, https://www.paulusgemeinde-erbenheim.de/wp-content/uploads/2021/05/GemeindehausKl-300x225.jpg 300w, https://www.paulusgemeinde-erbenheim.de/wp-content/uploads/2021/05/GemeindehausKl-768x576.jpg 768w, https://www.paulusgemeinde-erbenheim.de/wp-content/uploads/2021/05/GemeindehausKl.jpg 1037w" sizes="auto, (max-width: 482px) 100vw, 482px" /><figcaption>Gemeindehaus &#8211; Kleiner Saal</figcaption></figure>

<p>Der zentrale Begegnungspunkt der Gemeinde ist das in der Lilientalstraße 15 gelegene Gemeindehaus. Beide Säle können für private Feiern angemietet werden. Der kleine Saal bietet Platz für max. 30 Personen (mit Tischen) bzw. 50 Personen (mit Kinobestuhlung), während der große</p>
