{"id":1149,"date":"2021-06-01T11:07:35","date_gmt":"2021-06-01T09:07:35","guid":{"rendered":"https:\/\/www.paulusgemeinde-erbenheim.de\/?page_id=1149"},"modified":"2025-11-23T10:34:05","modified_gmt":"2025-11-23T09:34:05","slug":"kirchenvorstand","status":"publish","type":"page","link":"https:\/\/www.paulusgemeinde-erbenheim.de\/?page_id=1149","title":{"rendered":"Kirchenvorstand"},"content":{"rendered":"\n<h4 class=\"wp-block-heading\">Der Kirchenvorstand<\/h4>\n\n\n\n<p>ist das von den Gemeindemitgliedern gew\u00e4hlte Leitungsorgan der Kirchengemeinde. Er hat f\u00fcr ein geordnetes und lebendiges Gemeindeleben Sorge zu tragen. Er ber\u00e4t und entscheidet im Rahmen der gesamtkirchlichen Ordnungen \u00fcber s\u00e4mtliche Angelegenheit der Kirchengemeinde und vertritt diese in Rechtsfragen und in der \u00d6ffentlichkeit.<\/p>\n\n\n\n<figure class=\"wp-block-table\"><table><tbody><tr><td>Funktion<\/td><td>Name<\/td><td><\/td><td><\/td><td>&nbsp;<\/td><\/tr><tr><td>Vorsitzender<\/td><td> Kai-Uwe Kopp <\/td><td> <img loading=\"lazy\" decoding=\"async\" width=\"100\" height=\"149\" class=\"wp-image-1160\" style=\"width: 100px;\" src=\"https:\/\/www.paulusgemeinde-erbenheim.de\/wp-content\/uploads\/2021\/06\/Kopp-Kai-Uwe.jpg\" alt=\"\" srcset=\"https:\/\/www.paulusgemeinde-erbenheim.de\/wp-content\/uploads\/2021\/06\/Kopp-Kai-Uwe.jpg 1134w, https:\/\/www.paulusgemeinde-erbenheim.de\/wp-content\/uploads\/2021\/06\/Kopp-Kai-Uwe-201x300.jpg 201w, https:\/\/www.paulusgemeinde-erbenheim.de\/wp-content\/uploads\/2021\/06\/Kopp-Kai-Uwe-685x1024.jpg 685w, https:\/\/www.paulusgemeinde-erbenheim.de\/wp-content\/uploads\/2021\/06\/Kopp-Kai-Uwe-768x1147.jpg 768w, https:\/\/www.paulusgemeinde-erbenheim.de\/wp-content\/uploads\/2021\/06\/Kopp-Kai-Uwe-1028x1536.jpg 1028w\" sizes=\"auto, (max-width: 100px) 100vw, 100px\" \/> <\/td><td><\/td><td>&nbsp;<\/td><\/tr><tr><td>stv. Vorsitzender<\/td><td>Pfarrer Holger Fritz<\/td><td><img loading=\"lazy\" decoding=\"async\" width=\"100\" height=\"149\" class=\"wp-image-1162\" style=\"width: 100px;\" src=\"https:\/\/www.paulusgemeinde-erbenheim.de\/wp-content\/uploads\/2021\/06\/Pfarrer-Holger-Fritz.jpg\" alt=\"\" srcset=\"https:\/\/www.paulusgemeinde-erbenheim.de\/wp-content\/uploads\/2021\/06\/Pfarrer-Holger-Fritz.jpg 1134w, https:\/\/www.paulusgemeinde-erbenheim.de\/wp-content\/uploads\/2021\/06\/Pfarrer-Holger-Fritz-201x300.jpg 201w, https:\/\/www.paulusgemeinde-erbenheim.de\/wp-content\/uploads\/2021\/06\/Pfarrer-Holger-Fritz-685x1024.jpg 685w, https:\/\/www.paulusgemeinde-erbenheim.de\/wp-content\/uploads\/2021\/06\/Pfarrer-Holger-Fritz-768x1147.jpg 768w, https:\/\/www.paulusgemeinde-erbenheim.de\/wp-content\/uploads\/2021\/06\/Pfarrer-Holger-Fritz-1028x1536.jpg 1028w\" sizes=\"auto, (max-width: 100px) 100vw, 100px\" \/><\/td><td><\/td><td>&nbsp;<\/td><\/tr><tr><td>&nbsp;<\/td><td>Gabriele Bloos<\/td><td><img loading=\"lazy\" decoding=\"async\" width=\"100\" height=\"149\" class=\"wp-image-1168\" style=\"width: 100px;\" src=\"https:\/\/www.paulusgemeinde-erbenheim.de\/wp-content\/uploads\/2021\/06\/Bloos-Gabi.jpg\" alt=\"\" srcset=\"https:\/\/www.paulusgemeinde-erbenheim.de\/wp-content\/uploads\/2021\/06\/Bloos-Gabi.jpg 1134w, https:\/\/www.paulusgemeinde-erbenheim.de\/wp-content\/uploads\/2021\/06\/Bloos-Gabi-201x300.jpg 201w, https:\/\/www.paulusgemeinde-erbenheim.de\/wp-content\/uploads\/2021\/06\/Bloos-Gabi-685x1024.jpg 685w, https:\/\/www.paulusgemeinde-erbenheim.de\/wp-content\/uploads\/2021\/06\/Bloos-Gabi-768x1147.jpg 768w, https:\/\/www.paulusgemeinde-erbenheim.de\/wp-content\/uploads\/2021\/06\/Bloos-Gabi-1028x1536.jpg 1028w\" sizes=\"auto, (max-width: 100px) 100vw, 100px\" \/><\/td><td><\/td><td>&nbsp;<\/td><\/tr><tr><td>&nbsp;<\/td><td>Adolf Born<\/td><td><img loading=\"lazy\" decoding=\"async\" width=\"100\" height=\"149\" class=\"wp-image-1157\" style=\"width: 100px;\" src=\"https:\/\/www.paulusgemeinde-erbenheim.de\/wp-content\/uploads\/2021\/06\/Born-Adolf.jpg\" alt=\"\" srcset=\"https:\/\/www.paulusgemeinde-erbenheim.de\/wp-content\/uploads\/2021\/06\/Born-Adolf.jpg 1134w, https:\/\/www.paulusgemeinde-erbenheim.de\/wp-content\/uploads\/2021\/06\/Born-Adolf-201x300.jpg 201w, https:\/\/www.paulusgemeinde-erbenheim.de\/wp-content\/uploads\/2021\/06\/Born-Adolf-685x1024.jpg 685w, https:\/\/www.paulusgemeinde-erbenheim.de\/wp-content\/uploads\/2021\/06\/Born-Adolf-768x1147.jpg 768w, https:\/\/www.paulusgemeinde-erbenheim.de\/wp-content\/uploads\/2021\/06\/Born-Adolf-1028x1536.jpg 1028w\" sizes=\"auto, (max-width: 100px) 100vw, 100px\" \/><\/td><td><\/td><td>&nbsp;<\/td><\/tr><tr><td>&nbsp;<\/td><td>J\u00fcrgen Lottig<\/td><td><img loading=\"lazy\" decoding=\"async\" width=\"100\" height=\"149\" class=\"wp-image-1161\" style=\"width: 100px;\" src=\"https:\/\/www.paulusgemeinde-erbenheim.de\/wp-content\/uploads\/2021\/06\/Lottig-Juergen.jpg\" alt=\"\" srcset=\"https:\/\/www.paulusgemeinde-erbenheim.de\/wp-content\/uploads\/2021\/06\/Lottig-Juergen.jpg 1134w, https:\/\/www.paulusgemeinde-erbenheim.de\/wp-content\/uploads\/2021\/06\/Lottig-Juergen-201x300.jpg 201w, https:\/\/www.paulusgemeinde-erbenheim.de\/wp-content\/uploads\/2021\/06\/Lottig-Juergen-685x1024.jpg 685w, https:\/\/www.paulusgemeinde-erbenheim.de\/wp-content\/uploads\/2021\/06\/Lottig-Juergen-768x1147.jpg 768w, https:\/\/www.paulusgemeinde-erbenheim.de\/wp-content\/uploads\/2021\/06\/Lottig-Juergen-1028x1536.jpg 1028w\" sizes=\"auto, (max-width: 100px) 100vw, 100px\" \/><\/td><td><\/td><td>&nbsp;<\/td><\/tr><tr><td>&nbsp;<\/td><td>Werner Ruhlandt<\/td><td><img loading=\"lazy\" decoding=\"async\" width=\"100\" height=\"149\" class=\"wp-image-1163\" style=\"width: 100px;\" src=\"https:\/\/www.paulusgemeinde-erbenheim.de\/wp-content\/uploads\/2021\/06\/Ruhlandt-Werner.jpg\" alt=\"\" srcset=\"https:\/\/www.paulusgemeinde-erbenheim.de\/wp-content\/uploads\/2021\/06\/Ruhlandt-Werner.jpg 1134w, https:\/\/www.paulusgemeinde-erbenheim.de\/wp-content\/uploads\/2021\/06\/Ruhlandt-Werner-201x300.jpg 201w, https:\/\/www.paulusgemeinde-erbenheim.de\/wp-content\/uploads\/2021\/06\/Ruhlandt-Werner-685x1024.jpg 685w, https:\/\/www.paulusgemeinde-erbenheim.de\/wp-content\/uploads\/2021\/06\/Ruhlandt-Werner-768x1147.jpg 768w, https:\/\/www.paulusgemeinde-erbenheim.de\/wp-content\/uploads\/2021\/06\/Ruhlandt-Werner-1028x1536.jpg 1028w\" sizes=\"auto, (max-width: 100px) 100vw, 100px\" \/><\/td><td><\/td><td>&nbsp;<\/td><\/tr><tr><td><\/td><td>Holger Schlick<\/td><td><\/td><td><\/td><td><\/td><\/tr><tr><td><\/td><td>Aline Wei\u00df<\/td><td><img loading=\"lazy\" decoding=\"async\" width=\"100\" height=\"166\" class=\"wp-image-1166\" style=\"width: 100px;\" src=\"https:\/\/www.paulusgemeinde-erbenheim.de\/wp-content\/uploads\/2021\/06\/Weiss-Aline.jpg\" alt=\"\" srcset=\"https:\/\/www.paulusgemeinde-erbenheim.de\/wp-content\/uploads\/2021\/06\/Weiss-Aline.jpg 1134w, https:\/\/www.paulusgemeinde-erbenheim.de\/wp-content\/uploads\/2021\/06\/Weiss-Aline-181x300.jpg 181w, https:\/\/www.paulusgemeinde-erbenheim.de\/wp-content\/uploads\/2021\/06\/Weiss-Aline-616x1024.jpg 616w, https:\/\/www.paulusgemeinde-erbenheim.de\/wp-content\/uploads\/2021\/06\/Weiss-Aline-768x1276.jpg 768w, https:\/\/www.paulusgemeinde-erbenheim.de\/wp-content\/uploads\/2021\/06\/Weiss-Aline-925x1536.jpg 925w\" sizes=\"auto, (max-width: 100px) 100vw, 100px\" \/><\/td><td><\/td><td><\/td><\/tr><tr><td>&nbsp;<\/td><td>Christine Wiegand<\/td><td><img loading=\"lazy\" decoding=\"async\" width=\"100\" height=\"149\" class=\"wp-image-1167\" style=\"width: 100px;\" src=\"https:\/\/www.paulusgemeinde-erbenheim.de\/wp-content\/uploads\/2021\/06\/Wiegand-Christine.jpg\" alt=\"\" srcset=\"https:\/\/www.paulusgemeinde-erbenheim.de\/wp-content\/uploads\/2021\/06\/Wiegand-Christine.jpg 1134w, https:\/\/www.paulusgemeinde-erbenheim.de\/wp-content\/uploads\/2021\/06\/Wiegand-Christine-201x300.jpg 201w, https:\/\/www.paulusgemeinde-erbenheim.de\/wp-content\/uploads\/2021\/06\/Wiegand-Christine-685x1024.jpg 685w, https:\/\/www.paulusgemeinde-erbenheim.de\/wp-content\/uploads\/2021\/06\/Wiegand-Christine-768x1147.jpg 768w, https:\/\/www.paulusgemeinde-erbenheim.de\/wp-content\/uploads\/2021\/06\/Wiegand-Christine-1028x1536.jpg 1028w\" sizes=\"auto, (max-width: 100px) 100vw, 100px\" \/><\/td><td><\/td><td>&nbsp;<\/td><\/tr><tr><td>Jugenddelegierte<\/td><td>Lilja Noll<\/td><td><\/td><td><\/td><td>&nbsp;<\/td><\/tr><\/tbody><\/table><\/figure>\n\n\n\n<p><\/p>\n","protected":false},"excerpt":{"rendered":"<p>Der Kirchenvorstand ist das von den Gemeindemitgliedern gew\u00e4hlte Leitungsorgan der Kirchengemeinde. Er hat f\u00fcr ein geordnetes und lebendiges Gemeindeleben Sorge zu tragen. Er ber\u00e4t und entscheidet im Rahmen der gesamtkirchlichen Ordnungen \u00fcber s\u00e4mtliche Angelegenheit der Kirchengemeinde und vertritt diese in<\/p>\n","protected":false},"author":9,"featured_media":0,"parent":0,"menu_order":0,"comment_status":"closed","ping_status":"closed","template":"","meta":{"footnotes":""},"class_list":["post-1149","page","type-page","status-publish","hentry"],"_links":{"self":[{"href":"https:\/\/www.paulusgemeinde-erbenheim.de\/index.php?rest_route=\/wp\/v2\/pages\/1149","targetHints":{"allow":["GET"]}}],"collection":[{"href":"https:\/\/www.paulusgemeinde-erbenheim.de\/index.php?rest_route=\/wp\/v2\/pages"}],"about":[{"href":"https:\/\/www.paulusgemeinde-erbenheim.de\/index.php?rest_route=\/wp\/v2\/types\/page"}],"author":[{"embeddable":true,"href":"https:\/\/www.paulusgemeinde-erbenheim.de\/index.php?rest_route=\/wp\/v2\/users\/9"}],"replies":[{"embeddable":true,"href":"https:\/\/www.paulusgemeinde-erbenheim.de\/index.php?rest_route=%2Fwp%2Fv2%2Fcomments&post=1149"}],"version-history":[{"count":15,"href":"https:\/\/www.paulusgemeinde-erbenheim.de\/index.php?rest_route=\/wp\/v2\/pages\/1149\/revisions"}],"predecessor-version":[{"id":1965,"href":"https:\/\/www.paulusgemeinde-erbenheim.de\/index.php?rest_route=\/wp\/v2\/pages\/1149\/revisions\/1965"}],"wp:attachment":[{"href":"https:\/\/www.paulusgemeinde-erbenheim.de\/index.php?rest_route=%2Fwp%2Fv2%2Fmedia&parent=1149"}],"curies":[{"name":"wp","href":"https:\/\/api.w.org\/{rel}","templated":true}]}}

<h4 class="wp-block-heading">Der Kirchenvorstand</h4>



<p>ist das von den Gemeindemitgliedern gewählte Leitungsorgan der Kirchengemeinde. Er hat für ein geordnetes und lebendiges Gemeindeleben Sorge zu tragen. Er berät und entscheidet im Rahmen der gesamtkirchlichen Ordnungen über sämtliche Angelegenheit der Kirchengemeinde und vertritt diese in Rechtsfragen und in der Öffentlichkeit.</p>



<figure class="wp-block-table"><table><tbody><tr><td>Funktion</td><td>Name</td><td></td><td></td><td>&nbsp;</td></tr><tr><td>Vorsitzender</td><td> Kai-Uwe Kopp </td><td> <img loading="lazy" decoding="async" width="100" height="149" class="wp-image-1160" style="width: 100px;" src="https://www.paulusgemeinde-erbenheim.de/wp-content/uploads/2021/06/Kopp-Kai-Uwe.jpg" alt="" srcset="https://www.paulusgemeinde-erbenheim.de/wp-content/uploads/2021/06/Kopp-Kai-Uwe.jpg 1134w, https://www.paulusgemeinde-erbenheim.de/wp-content/uploads/2021/06/Kopp-Kai-Uwe-201x300.jpg 201w, https://www.paulusgemeinde-erbenheim.de/wp-content/uploads/2021/06/Kopp-Kai-Uwe-685x1024.jpg 685w, https://www.paulusgemeinde-erbenheim.de/wp-content/uploads/2021/06/Kopp-Kai-Uwe-768x1147.jpg 768w, https://www.paulusgemeinde-erbenheim.de/wp-content/uploads/2021/06/Kopp-Kai-Uwe-1028x1536.jpg 1028w" sizes="auto, (max-width: 100px) 100vw, 100px" /> </td><td></td><td>&nbsp;</td></tr><tr><td>stv. Vorsitzender</td><td>Pfarrer Holger Fritz</td><td><img loading="lazy" decoding="async" width="100" height="149" class="wp-image-1162" style="width: 100px;" src="https://www.paulusgemeinde-erbenheim.de/wp-content/uploads/2021/06/Pfarrer-Holger-Fritz.jpg" alt="" srcset="https://www.paulusgemeinde-erbenheim.de/wp-content/uploads/2021/06/Pfarrer-Holger-Fritz.jpg 1134w, https://www.paulusgemeinde-erbenheim.de/wp-content/uploads/2021/06/Pfarrer-Holger-Fritz-201x300.jpg 201w, https://www.paulusgemeinde-erbenheim.de/wp-content/uploads/2021/06/Pfarrer-Holger-Fritz-685x1024.jpg 685w, https://www.paulusgemeinde-erbenheim.de/wp-content/uploads/2021/06/Pfarrer-Holger-Fritz-768x1147.jpg 768w, https://www.paulusgemeinde-erbenheim.de/wp-content/uploads/2021/06/Pfarrer-Holger-Fritz-1028x1536.jpg 1028w" sizes="auto, (max-width: 100px) 100vw, 100px" /></td><td></td><td>&nbsp;</td></tr><tr><td>&nbsp;</td><td>Gabriele Bloos</td><td><img loading="lazy" decoding="async" width="100" height="149" class="wp-image-1168" style="width: 100px;" src="https://www.paulusgemeinde-erbenheim.de/wp-content/uploads/2021/06/Bloos-Gabi.jpg" alt="" srcset="https://www.paulusgemeinde-erbenheim.de/wp-content/uploads/2021/06/Bloos-Gabi.jpg 1134w, https://www.paulusgemeinde-erbenheim.de/wp-content/uploads/2021/06/Bloos-Gabi-201x300.jpg 201w, https://www.paulusgemeinde-erbenheim.de/wp-content/uploads/2021/06/Bloos-Gabi-685x1024.jpg 685w, https://www.paulusgemeinde-erbenheim.de/wp-content/uploads/2021/06/Bloos-Gabi-768x1147.jpg 768w, https://www.paulusgemeinde-erbenheim.de/wp-content/uploads/2021/06/Bloos-Gabi-1028x1536.jpg 1028w" sizes="auto, (max-width: 100px) 100vw, 100px" /></td><td></td><td>&nbsp;</td></tr><tr><td>&nbsp;</td><td>Adolf Born</td><td><img loading="lazy" decoding="async" width="100" height="149" class="wp-image-1157" style="width: 100px;" src="https://www.paulusgemeinde-erbenheim.de/wp-content/uploads/2021/06/Born-Adolf.jpg" alt="" srcset="https://www.paulusgemeinde-erbenheim.de/wp-content/uploads/2021/06/Born-Adolf.jpg 1134w, https://www.paulusgemeinde-erbenheim.de/wp-content/uploads/2021/06/Born-Adolf-201x300.jpg 201w, https://www.paulusgemeinde-erbenheim.de/wp-content/uploads/2021/06/Born-Adolf-685x1024.jpg 685w, https://www.paulusgemeinde-erbenheim.de/wp-content/uploads/2021/06/Born-Adolf-768x1147.jpg 768w, https://www.paulusgemeinde-erbenheim.de/wp-content/uploads/2021/06/Born-Adolf-1028x1536.jpg 1028w" sizes="auto, (max-width: 100px) 100vw, 100px" /></td><td></td><td>&nbsp;</td></tr><tr><td>&nbsp;</td><td>Jürgen Lottig</td><td><img loading="lazy" decoding="async" width="100" height="149" class="wp-image-1161" style="width: 100px;" src="https://www.paulusgemeinde-erbenheim.de/wp-content/uploads/2021/06/Lottig-Juergen.jpg" alt="" srcset="https://www.paulusgemeinde-erbenheim.de/wp-content/uploads/2021/06/Lottig-Juergen.jpg 1134w, https://www.paulusgemeinde-erbenheim.de/wp-content/uploads/2021/06/Lottig-Juergen-201x300.jpg 201w, https://www.paulusgemeinde-erbenheim.de/wp-content/uploads/2021/06/Lottig-Juergen-685x1024.jpg 685w, https://www.paulusgemeinde-erbenheim.de/wp-content/uploads/2021/06/Lottig-Juergen-768x1147.jpg 768w, https://www.paulusgemeinde-erbenheim.de/wp-content/uploads/2021/06/Lottig-Juergen-1028x1536.jpg 1028w" sizes="auto, (max-width: 100px) 100vw, 100px" /></td><td></td><td>&nbsp;</td></tr><tr><td>&nbsp;</td><td>Werner Ruhlandt</td><td><img loading="lazy" decoding="async" width="100" height="149" class="wp-image-1163" style="width: 100px;" src="https://www.paulusgemeinde-erbenheim.de/wp-content/uploads/2021/06/Ruhlandt-Werner.jpg" alt="" srcset="https://www.paulusgemeinde-erbenheim.de/wp-content/uploads/2021/06/Ruhlandt-Werner.jpg 1134w, https://www.paulusgemeinde-erbenheim.de/wp-content/uploads/2021/06/Ruhlandt-Werner-201x300.jpg 201w, https://www.paulusgemeinde-erbenheim.de/wp-content/uploads/2021/06/Ruhlandt-Werner-685x1024.jpg 685w, https://www.paulusgemeinde-erbenheim.de/wp-content/uploads/2021/06/Ruhlandt-Werner-768x1147.jpg 768w, https://www.paulusgemeinde-erbenheim.de/wp-content/uploads/2021/06/Ruhlandt-Werner-1028x1536.jpg 1028w" sizes="auto, (max-width: 100px) 100vw, 100px" /></td><td></td><td>&nbsp;</td></tr><tr><td></td><td>Holger Schlick</td><td></td><td></td><td></td></tr><tr><td></td><td>Aline Weiß</td><td><img loading="lazy" decoding="async" width="100" height="166" class="wp-image-1166" style="width: 100px;" src="https://www.paulusgemeinde-erbenheim.de/wp-content/uploads/2021/06/Weiss-Aline.jpg" alt="" srcset="https://www.paulusgemeinde-erbenheim.de/wp-content/uploads/2021/06/Weiss-Aline.jpg 1134w, https://www.paulusgemeinde-erbenheim.de/wp-content/uploads/2021/06/Weiss-Aline-181x300.jpg 181w, https://www.paulusgemeinde-erbenheim.de/wp-content/uploads/2021/06/Weiss-Aline-616x1024.jpg 616w, https://www.paulusgemeinde-erbenheim.de/wp-content/uploads/2021/06/Weiss-Aline-768x1276.jpg 768w, https://www.paulusgemeinde-erbenheim.de/wp-content/uploads/2021/06/Weiss-Aline-925x1536.jpg 925w" sizes="auto, (max-width: 100px) 100vw, 100px" /></td><td></td><td></td></tr><tr><td>&nbsp;</td><td>Christine Wiegand</td><td><img loading="lazy" decoding="async" width="100" height="149" class="wp-image-1167" style="width: 100px;" src="https://www.paulusgemeinde-erbenheim.de/wp-content/uploads/2021/06/Wiegand-Christine.jpg" alt="" srcset="https://www.paulusgemeinde-erbenheim.de/wp-content/uploads/2021/06/Wiegand-Christine.jpg 1134w, https://www.paulusgemeinde-erbenheim.de/wp-content/uploads/2021/06/Wiegand-Christine-201x300.jpg 201w, https://www.paulusgemeinde-erbenheim.de/wp-content/uploads/2021/06/Wiegand-Christine-685x1024.jpg 685w, https://www.paulusgemeinde-erbenheim.de/wp-content/uploads/2021/06/Wiegand-Christine-768x1147.jpg 768w, https://www.paulusgemeinde-erbenheim.de/wp-content/uploads/2021/06/Wiegand-Christine-1028x1536.jpg 1028w" sizes="auto, (max-width: 100px) 100vw, 100px" /></td><td></td><td>&nbsp;</td></tr><tr><td>Jugenddelegierte</td><td>Lilja Noll</td><td></td><td></td><td>&nbsp;</td></tr></tbody></table></figure>



<p></p>

<p>Der Kirchenvorstand ist das von den Gemeindemitgliedern gewählte Leitungsorgan der Kirchengemeinde. Er hat für ein geordnetes und lebendiges Gemeindeleben Sorge zu tragen. Er berät und entscheidet im Rahmen der gesamtkirchlichen Ordnungen über sämtliche Angelegenheit der Kirchengemeinde und vertritt diese in</p>
