{"id":1141,"date":"2021-05-31T11:15:38","date_gmt":"2021-05-31T09:15:38","guid":{"rendered":"https:\/\/www.paulusgemeinde-erbenheim.de\/?page_id=1141"},"modified":"2021-06-23T09:29:52","modified_gmt":"2021-06-23T07:29:52","slug":"unsere-kirche","status":"publish","type":"page","link":"https:\/\/www.paulusgemeinde-erbenheim.de\/?page_id=1141","title":{"rendered":"Unsere Kirche"},"content":{"rendered":"\n<h4 class=\"wp-block-heading\">Sie pr\u00e4gt das Bild des alten Erbenheim<\/h4>\n\n\n\n<p class=\"wp-image-1075\">Schon seit dem Ende des 14., anfangs des 15. Jahrhunderts bestimmt der wehrhafte romanische Turm der Pauluskirche das Bild des alten Erbenheim. <img loading=\"lazy\" decoding=\"async\" width=\"200\" height=\"301\" class=\"wp-image-1075\" style=\"width: 200px;\" src=\"https:\/\/www.paulusgemeinde-erbenheim.de\/wp-content\/uploads\/2021\/05\/220px-Wiesbaden-Erbenheim_Kirche.jpg\" alt=\"\" align=\"right\" srcset=\"https:\/\/www.paulusgemeinde-erbenheim.de\/wp-content\/uploads\/2021\/05\/220px-Wiesbaden-Erbenheim_Kirche.jpg 220w, https:\/\/www.paulusgemeinde-erbenheim.de\/wp-content\/uploads\/2021\/05\/220px-Wiesbaden-Erbenheim_Kirche-199x300.jpg 199w\" sizes=\"auto, (max-width: 200px) 100vw, 200px\" \/>Im untersten Teil noch ganz romanisch, sind im 2. Stockwerk nur noch die jetzt zugemauerten romanischen Fenster zu sehen. Nach dem Chronigramm (Spruch am Tragbalken der Orgelempore) wird die Kirche in den Jahren 1729 &#8211; 1731 erweitert und erh\u00e4lt ihr heutiges Aussehen. Bei dem Chronigramm \u201eo JesU gottes LaM vor uns gelItten hIer hast Vor Uns obgesIegt, Lob preIs gewaLt seY Dir.\u201c muss man die hohen Buchstaben, die r\u00f6mische Zahlen darstellen, der Reihe nach addieren. So bekommt man die Jahreszahl 1731. Der innere Ausbau dauerte noch einige Jahrzehnte.<\/p>\n\n\n\n<p>Der 1768 aufgestellte Altar aus Marmor erfreut noch heute alle Kirchenbesucher wegen seiner Sch\u00f6nheit. Eine neue Orgel wurde 1790 von den Gebr\u00fcdern Mahr eingebaut und wird noch heute gespielt. Sie kostete den damals stolzen Preis von 650 Gulden. Ebenfalls aus dem 18. Jahrhundert stammt die sch\u00f6ne Barock Kanzel aus Nussbaumholz.<br>(Quelle: Die evangelische Kirche zu Erbenheim; Emil-Adolf Krag 1964)<\/p>\n\n\n\n<figure class=\"wp-block-image size-large\"><img loading=\"lazy\" decoding=\"async\" width=\"460\" height=\"345\" src=\"https:\/\/www.paulusgemeinde-erbenheim.de\/wp-content\/uploads\/2021\/06\/p1040130_460.jpg\" alt=\"\" class=\"wp-image-1305\" srcset=\"https:\/\/www.paulusgemeinde-erbenheim.de\/wp-content\/uploads\/2021\/06\/p1040130_460.jpg 460w, https:\/\/www.paulusgemeinde-erbenheim.de\/wp-content\/uploads\/2021\/06\/p1040130_460-300x225.jpg 300w\" sizes=\"auto, (max-width: 460px) 100vw, 460px\" \/><figcaption>Innenansicht 1<\/figcaption><\/figure>\n\n\n\n<p>Nach 14-monatiger Renovierung erstrahlt der Innenraum seit Ostern 2019 im neuen Glanz.<\/p>\n\n\n\n<figure class=\"wp-block-image size-large\"><img loading=\"lazy\" decoding=\"async\" width=\"460\" height=\"345\" src=\"https:\/\/www.paulusgemeinde-erbenheim.de\/wp-content\/uploads\/2021\/06\/p1040125_460.jpg\" alt=\"\" class=\"wp-image-1306\" srcset=\"https:\/\/www.paulusgemeinde-erbenheim.de\/wp-content\/uploads\/2021\/06\/p1040125_460.jpg 460w, https:\/\/www.paulusgemeinde-erbenheim.de\/wp-content\/uploads\/2021\/06\/p1040125_460-300x225.jpg 300w\" sizes=\"auto, (max-width: 460px) 100vw, 460px\" \/><figcaption>Innenansicht 2<\/figcaption><\/figure>\n\n\n\n<p>Das sch\u00f6ne Ensemble aus Kirche, Kirchenplatz und altem Rathaus wir nicht nur f\u00fcr den Weihnachtsmarkt, dem Gemeindefest oder dem H\u00f6fefest gerne genutzt, sondern l\u00e4dt auch zu einem kurzem Umtrunk nach Ihrer Hochzeit ein.<\/p>\n","protected":false},"excerpt":{"rendered":"<p>Sie pr\u00e4gt das Bild des alten Erbenheim Schon seit dem Ende des 14., anfangs des 15. Jahrhunderts bestimmt der wehrhafte romanische Turm der Pauluskirche das Bild des alten Erbenheim. Im untersten Teil noch ganz romanisch, sind im 2. Stockwerk nur<\/p>\n","protected":false},"author":9,"featured_media":0,"parent":0,"menu_order":0,"comment_status":"closed","ping_status":"closed","template":"","meta":{"footnotes":""},"class_list":["post-1141","page","type-page","status-publish","hentry"],"_links":{"self":[{"href":"https:\/\/www.paulusgemeinde-erbenheim.de\/index.php?rest_route=\/wp\/v2\/pages\/1141","targetHints":{"allow":["GET"]}}],"collection":[{"href":"https:\/\/www.paulusgemeinde-erbenheim.de\/index.php?rest_route=\/wp\/v2\/pages"}],"about":[{"href":"https:\/\/www.paulusgemeinde-erbenheim.de\/index.php?rest_route=\/wp\/v2\/types\/page"}],"author":[{"embeddable":true,"href":"https:\/\/www.paulusgemeinde-erbenheim.de\/index.php?rest_route=\/wp\/v2\/users\/9"}],"replies":[{"embeddable":true,"href":"https:\/\/www.paulusgemeinde-erbenheim.de\/index.php?rest_route=%2Fwp%2Fv2%2Fcomments&post=1141"}],"version-history":[{"count":7,"href":"https:\/\/www.paulusgemeinde-erbenheim.de\/index.php?rest_route=\/wp\/v2\/pages\/1141\/revisions"}],"predecessor-version":[{"id":1308,"href":"https:\/\/www.paulusgemeinde-erbenheim.de\/index.php?rest_route=\/wp\/v2\/pages\/1141\/revisions\/1308"}],"wp:attachment":[{"href":"https:\/\/www.paulusgemeinde-erbenheim.de\/index.php?rest_route=%2Fwp%2Fv2%2Fmedia&parent=1141"}],"curies":[{"name":"wp","href":"https:\/\/api.w.org\/{rel}","templated":true}]}}

<h4 class="wp-block-heading">Sie prägt das Bild des alten Erbenheim</h4>



<p class="wp-image-1075">Schon seit dem Ende des 14., anfangs des 15. Jahrhunderts bestimmt der wehrhafte romanische Turm der Pauluskirche das Bild des alten Erbenheim. <img loading="lazy" decoding="async" width="200" height="301" class="wp-image-1075" style="width: 200px;" src="https://www.paulusgemeinde-erbenheim.de/wp-content/uploads/2021/05/220px-Wiesbaden-Erbenheim_Kirche.jpg" alt="" align="right" srcset="https://www.paulusgemeinde-erbenheim.de/wp-content/uploads/2021/05/220px-Wiesbaden-Erbenheim_Kirche.jpg 220w, https://www.paulusgemeinde-erbenheim.de/wp-content/uploads/2021/05/220px-Wiesbaden-Erbenheim_Kirche-199x300.jpg 199w" sizes="auto, (max-width: 200px) 100vw, 200px" />Im untersten Teil noch ganz romanisch, sind im 2. Stockwerk nur noch die jetzt zugemauerten romanischen Fenster zu sehen. Nach dem Chronigramm (Spruch am Tragbalken der Orgelempore) wird die Kirche in den Jahren 1729 &#8211; 1731 erweitert und erhält ihr heutiges Aussehen. Bei dem Chronigramm „o JesU gottes LaM vor uns gelItten hIer hast Vor Uns obgesIegt, Lob preIs gewaLt seY Dir.“ muss man die hohen Buchstaben, die römische Zahlen darstellen, der Reihe nach addieren. So bekommt man die Jahreszahl 1731. Der innere Ausbau dauerte noch einige Jahrzehnte.</p>



<p>Der 1768 aufgestellte Altar aus Marmor erfreut noch heute alle Kirchenbesucher wegen seiner Schönheit. Eine neue Orgel wurde 1790 von den Gebrüdern Mahr eingebaut und wird noch heute gespielt. Sie kostete den damals stolzen Preis von 650 Gulden. Ebenfalls aus dem 18. Jahrhundert stammt die schöne Barock Kanzel aus Nussbaumholz.<br>(Quelle: Die evangelische Kirche zu Erbenheim; Emil-Adolf Krag 1964)</p>



<figure class="wp-block-image size-large"><img loading="lazy" decoding="async" width="460" height="345" src="https://www.paulusgemeinde-erbenheim.de/wp-content/uploads/2021/06/p1040130_460.jpg" alt="" class="wp-image-1305" srcset="https://www.paulusgemeinde-erbenheim.de/wp-content/uploads/2021/06/p1040130_460.jpg 460w, https://www.paulusgemeinde-erbenheim.de/wp-content/uploads/2021/06/p1040130_460-300x225.jpg 300w" sizes="auto, (max-width: 460px) 100vw, 460px" /><figcaption>Innenansicht 1</figcaption></figure>



<p>Nach 14-monatiger Renovierung erstrahlt der Innenraum seit Ostern 2019 im neuen Glanz.</p>



<figure class="wp-block-image size-large"><img loading="lazy" decoding="async" width="460" height="345" src="https://www.paulusgemeinde-erbenheim.de/wp-content/uploads/2021/06/p1040125_460.jpg" alt="" class="wp-image-1306" srcset="https://www.paulusgemeinde-erbenheim.de/wp-content/uploads/2021/06/p1040125_460.jpg 460w, https://www.paulusgemeinde-erbenheim.de/wp-content/uploads/2021/06/p1040125_460-300x225.jpg 300w" sizes="auto, (max-width: 460px) 100vw, 460px" /><figcaption>Innenansicht 2</figcaption></figure>



<p>Das schöne Ensemble aus Kirche, Kirchenplatz und altem Rathaus wir nicht nur für den Weihnachtsmarkt, dem Gemeindefest oder dem Höfefest gerne genutzt, sondern lädt auch zu einem kurzem Umtrunk nach Ihrer Hochzeit ein.</p>

<p>Sie prägt das Bild des alten Erbenheim Schon seit dem Ende des 14., anfangs des 15. Jahrhunderts bestimmt der wehrhafte romanische Turm der Pauluskirche das Bild des alten Erbenheim. Im untersten Teil noch ganz romanisch, sind im 2. Stockwerk nur</p>
