{"id":1090,"date":"2021-05-30T14:54:04","date_gmt":"2021-05-30T12:54:04","guid":{"rendered":"https:\/\/www.paulusgemeinde-erbenheim.de\/?page_id=1090"},"modified":"2025-03-10T12:54:55","modified_gmt":"2025-03-10T11:54:55","slug":"jugend","status":"publish","type":"page","link":"https:\/\/www.paulusgemeinde-erbenheim.de\/?page_id=1090","title":{"rendered":"Jugend"},"content":{"rendered":"\n<p><strong>Unser Konfirmandenunterricht<\/strong><br>wird \u00fcber die Dauer von einem knappen Jahr erteilt, und erstreckt sich \u00fcber zwei Kalenderjahre. Er beginnt \u2013 je nachdem, ob die Sommerferien fr\u00fch oder sp\u00e4t liegen \u2013 unmittelbar vor oder nach ihnen im jeweils laufenden Kalenderjahr. Die Konfirmation findet dann im darauf folgenden Jahr immer am Sonntag nach Himmelfahrt statt.<br>Zur Zeit kommen wir w\u00f6chentlich dienstags von 17.00 \u2013 18.00 Uhr zusammen.<br>Neben der Vermittlung zentraler Glaubens- und Lebensfragen ist uns die Gemeinschaft untereinander wichtig, und entsprechend wird der Unterricht gestaltet. Er beginnt in der Regel mit gruppendynamischen Spielen und einer Kurzandacht, danach folgt die Bearbeitung des jeweiligen Themas.<br>\u00dcber den regul\u00e4ren w\u00f6chentlichen Unterricht hinaus finden zwei Freizeiten statt: Am Anfang der Konfirmandenzeit fahren wir nach Westernohe ins Konfi-Camp zusammen mit fast allen Konfirmanden der Wiesbadenern Kirchengemeinden; am Ende vor der Konfirmation geht\u2019s dann mit unserer Gruppe zur Jugendburg unserer Landeskirche nach Hohensolms, um den Vorstellungsgottesdienst vorzubereiten. Dazwischen gibt\u2019s ein \u201eKonfi-highlight\u201c mit \u00dcbernachtung im Gemeindehaus, Familien- und Jugendgottesdienste.<br>Geleitet wird die Gruppe von einem Team, an dessen Spitze unser Pfarrer Holger Fritz steht. Ehemalige Konfirmanden sind weitere Teamer, die die Arbeit mittragen und ein wichtiges Bindeglied zwischen erwachsenen Leitern und heranwachsenden Jugendlichen sind. Diese Gruppe trifft sich w\u00f6chentlich dienstags von 17.00 \u2013 19.00 Uhr.<\/p>\n\n\n\n<p><strong>Der Jugendkreis<\/strong><br>trifft sich zeitgleich zur Konfirmandenarbeit. Dieser Treff, der meistens im Jugendkeller des Gemeindehauses stattfindet, ist offen f\u00fcr alle interessierten Jugendlichen ab 14 Jahren. Neben Spielen, Austausch und Gespr\u00e4chen ist auch die Schulung der ehrenamtlichen Mitarbeiter:innen ein Schwerpunkt. Circa einmal im Monat gibt es ein \u201eSpecial\u201c, an dem wir uns zu einem anderen Termin treffen, zusammen kochen oder einen Ausflug machen.<\/p>\n\n\n\n<p>Bei Fragen oder Anliegen gerne melden bei Kathrin Walldorf (Jugendreferentin des EJW Wiesbaden) per E-Mail (walldorf@ejw.de) oder mobil (0178 8118365).<\/p>\n\n\n\n<p><strong>New Youth Choir \u2013 der Jugendchor \u2013 sing mit!<\/strong><br>Im letzten Jahr konnte unser neuer Jugendchor in vielen Gottesdiensten, beim H\u00f6fefest und der Weihnachtsfeier der Landfrauen auftreten. Wir sind dabei gewachsen und auch noch sicherer im Singen geworden. Es gilt weiter das Motto \u201e1 Probe \u2013 1 Auftritt\u201c. Bei jedem Auftritt kommen neue Lieder dazu, sodass auch ein Einstieg f\u00fcr neue Teens von 10-20 Jahre jederzeit unkompliziert m\u00f6glich ist. Wir freuen uns auf neue S\u00e4ngerinnen und S\u00e4nger, die einfach mal bei uns schnuppern und f\u00fcr einen Termin dabei sein wollen. Die n\u00e4chsten Termine sind am 26.\/27.4. und am 23.\/23.8. Meldet euch gerne bis etwa 2 Wochen vor den Terminen bei Markus Bloos (Kontakt s. Musicalprojekt)<\/p>\n","protected":false},"excerpt":{"rendered":"<p>Unser Konfirmandenunterrichtwird \u00fcber die Dauer von einem knappen Jahr erteilt, und erstreckt sich \u00fcber zwei Kalenderjahre. Er beginnt \u2013 je nachdem, ob die Sommerferien fr\u00fch oder sp\u00e4t liegen \u2013 unmittelbar vor oder nach ihnen im jeweils laufenden Kalenderjahr. Die Konfirmation<\/p>\n","protected":false},"author":9,"featured_media":0,"parent":0,"menu_order":0,"comment_status":"closed","ping_status":"closed","template":"","meta":{"footnotes":""},"class_list":["post-1090","page","type-page","status-publish","hentry"],"_links":{"self":[{"href":"https:\/\/www.paulusgemeinde-erbenheim.de\/index.php?rest_route=\/wp\/v2\/pages\/1090","targetHints":{"allow":["GET"]}}],"collection":[{"href":"https:\/\/www.paulusgemeinde-erbenheim.de\/index.php?rest_route=\/wp\/v2\/pages"}],"about":[{"href":"https:\/\/www.paulusgemeinde-erbenheim.de\/index.php?rest_route=\/wp\/v2\/types\/page"}],"author":[{"embeddable":true,"href":"https:\/\/www.paulusgemeinde-erbenheim.de\/index.php?rest_route=\/wp\/v2\/users\/9"}],"replies":[{"embeddable":true,"href":"https:\/\/www.paulusgemeinde-erbenheim.de\/index.php?rest_route=%2Fwp%2Fv2%2Fcomments&post=1090"}],"version-history":[{"count":8,"href":"https:\/\/www.paulusgemeinde-erbenheim.de\/index.php?rest_route=\/wp\/v2\/pages\/1090\/revisions"}],"predecessor-version":[{"id":1881,"href":"https:\/\/www.paulusgemeinde-erbenheim.de\/index.php?rest_route=\/wp\/v2\/pages\/1090\/revisions\/1881"}],"wp:attachment":[{"href":"https:\/\/www.paulusgemeinde-erbenheim.de\/index.php?rest_route=%2Fwp%2Fv2%2Fmedia&parent=1090"}],"curies":[{"name":"wp","href":"https:\/\/api.w.org\/{rel}","templated":true}]}}