{"id":1070,"date":"2021-05-30T10:14:50","date_gmt":"2021-05-30T08:14:50","guid":{"rendered":"https:\/\/www.paulusgemeinde-erbenheim.de\/?page_id=1070"},"modified":"2024-09-09T15:26:48","modified_gmt":"2024-09-09T13:26:48","slug":"bescheinigungen","status":"publish","type":"page","link":"https:\/\/www.paulusgemeinde-erbenheim.de\/?page_id=1070","title":{"rendered":"Bescheinigungen"},"content":{"rendered":"\n<p>\u00dcber diese Seite k\u00f6nnen Sie Antr\u00e4ge herunterladen oder Bescheinigungen bestellen.<\/p>\n\n\n\n<ul class=\"wp-block-list\">\n<li>Bescheinigungen k\u00f6nnen nur ausgestellt werden, wenn Sie Mitglied der ev. Paulusgemeinde sind.<\/li>\n\n\n\n<li>Wenn Sie nicht zur Paulusgemeinde geh\u00f6ren, wenden Sie sich bitte an die Kirchengemeinde an Ihrem Wohnort.<\/li>\n<\/ul>\n\n\n\n<p><strong>Antrag auf Umgemeindung<\/strong><br>Bitte laden Sie den <a href=\"https:\/\/www.paulusgemeinde-erbenheim.de\/wp-content\/uploads\/2024\/09\/umgemeindung.pdf\" data-type=\"URL\" data-id=\"https:\/\/www.paulusgemeinde-erbenheim.de\/wp-content\/uploads\/2021\/05\/umgemeindung.pdf\" target=\"_blank\" rel=\"noreferrer noopener\">Antrag<\/a> hier herunter und geben ihn ausgef\u00fcllt beim Gemeindeb\u00fcro ab.<\/p>\n","protected":false},"excerpt":{"rendered":"<p>\u00dcber diese Seite k\u00f6nnen Sie Antr\u00e4ge herunterladen oder Bescheinigungen bestellen. Antrag auf UmgemeindungBitte laden Sie den Antrag hier herunter und geben ihn ausgef\u00fcllt beim Gemeindeb\u00fcro ab.<\/p>\n","protected":false},"author":9,"featured_media":0,"parent":0,"menu_order":0,"comment_status":"closed","ping_status":"closed","template":"","meta":{"footnotes":""},"class_list":["post-1070","page","type-page","status-publish","hentry"],"_links":{"self":[{"href":"https:\/\/www.paulusgemeinde-erbenheim.de\/index.php?rest_route=\/wp\/v2\/pages\/1070","targetHints":{"allow":["GET"]}}],"collection":[{"href":"https:\/\/www.paulusgemeinde-erbenheim.de\/index.php?rest_route=\/wp\/v2\/pages"}],"about":[{"href":"https:\/\/www.paulusgemeinde-erbenheim.de\/index.php?rest_route=\/wp\/v2\/types\/page"}],"author":[{"embeddable":true,"href":"https:\/\/www.paulusgemeinde-erbenheim.de\/index.php?rest_route=\/wp\/v2\/users\/9"}],"replies":[{"embeddable":true,"href":"https:\/\/www.paulusgemeinde-erbenheim.de\/index.php?rest_route=%2Fwp%2Fv2%2Fcomments&post=1070"}],"version-history":[{"count":9,"href":"https:\/\/www.paulusgemeinde-erbenheim.de\/index.php?rest_route=\/wp\/v2\/pages\/1070\/revisions"}],"predecessor-version":[{"id":1831,"href":"https:\/\/www.paulusgemeinde-erbenheim.de\/index.php?rest_route=\/wp\/v2\/pages\/1070\/revisions\/1831"}],"wp:attachment":[{"href":"https:\/\/www.paulusgemeinde-erbenheim.de\/index.php?rest_route=%2Fwp%2Fv2%2Fmedia&parent=1070"}],"curies":[{"name":"wp","href":"https:\/\/api.w.org\/{rel}","templated":true}]}}

<p>Über diese Seite können Sie Anträge herunterladen oder Bescheinigungen bestellen.</p>



<ul class="wp-block-list">
<li>Bescheinigungen können nur ausgestellt werden, wenn Sie Mitglied der ev. Paulusgemeinde sind.</li>



<li>Wenn Sie nicht zur Paulusgemeinde gehören, wenden Sie sich bitte an die Kirchengemeinde an Ihrem Wohnort.</li>
</ul>



<p><strong>Antrag auf Umgemeindung</strong><br>Bitte laden Sie den <a href="https://www.paulusgemeinde-erbenheim.de/wp-content/uploads/2024/09/umgemeindung.pdf" data-type="URL" data-id="https://www.paulusgemeinde-erbenheim.de/wp-content/uploads/2021/05/umgemeindung.pdf" target="_blank" rel="noreferrer noopener">Antrag</a> hier herunter und geben ihn ausgefüllt beim Gemeindebüro ab.</p>

<p>Über diese Seite können Sie Anträge herunterladen oder Bescheinigungen bestellen. Antrag auf UmgemeindungBitte laden Sie den Antrag hier herunter und geben ihn ausgefüllt beim Gemeindebüro ab.</p>
