{"id":1055,"date":"2021-05-23T10:11:18","date_gmt":"2021-05-23T08:11:18","guid":{"rendered":"https:\/\/www.paulusgemeinde-erbenheim.de\/?page_id=1055"},"modified":"2025-07-01T15:51:55","modified_gmt":"2025-07-01T13:51:55","slug":"kinder","status":"publish","type":"page","link":"https:\/\/www.paulusgemeinde-erbenheim.de\/?page_id=1055","title":{"rendered":"Kinder"},"content":{"rendered":"\n<p><strong>Kinder-Fr\u00fchst\u00fcck<\/strong><br>in der Paulusgemeinde! Wir laden alle Kinder ab 4 Jahren an 6 Samstagen im Jahr, zu einem leckeren Fr\u00fchst\u00fcck, miteinander Singen, Spielen und zum H\u00f6ren einer biblischen Geschichte in unser Gemeindehaus, Lilienthalstra\u00dfe 15, immer von 9.00 \u2013 11.30 Uhr. ein. Die Daten finden Sie auf unserer Seite &#8222;Termine&#8220;.<br>Um besser planen zu k\u00f6nnen, bitten wir jeweils um Anmeldung unter <a href=\"mailto:kinderfruehstueck-erbenheim@gmail.com\">kinderfruehstueck-erbenheim@gmail.com<\/a><br>Pfr. Holger Fritz und das Kindergottesdienstteam der Ev. Paulusgemeinde<\/p>\n\n\n\n<p><strong>Jungschar<\/strong><\/p>\n\n\n\n<figure class=\"wp-block-image size-large is-resized\"><img loading=\"lazy\" decoding=\"async\" width=\"726\" height=\"1024\" src=\"https:\/\/www.paulusgemeinde-erbenheim.de\/wp-content\/uploads\/2023\/11\/jungschar-726x1024.png\" alt=\"\" class=\"wp-image-1752\" style=\"width:356px;height:auto\" srcset=\"https:\/\/www.paulusgemeinde-erbenheim.de\/wp-content\/uploads\/2023\/11\/jungschar-726x1024.png 726w, https:\/\/www.paulusgemeinde-erbenheim.de\/wp-content\/uploads\/2023\/11\/jungschar-213x300.png 213w, https:\/\/www.paulusgemeinde-erbenheim.de\/wp-content\/uploads\/2023\/11\/jungschar-768x1083.png 768w, https:\/\/www.paulusgemeinde-erbenheim.de\/wp-content\/uploads\/2023\/11\/jungschar.png 903w\" sizes=\"auto, (max-width: 726px) 100vw, 726px\" \/><\/figure>\n","protected":false},"excerpt":{"rendered":"<p>Kinder-Fr\u00fchst\u00fcckin der Paulusgemeinde! Wir laden alle Kinder ab 4 Jahren an 6 Samstagen im Jahr, zu einem leckeren Fr\u00fchst\u00fcck, miteinander Singen, Spielen und zum H\u00f6ren einer biblischen Geschichte in unser Gemeindehaus, Lilienthalstra\u00dfe 15, immer von 9.00 \u2013 11.30 Uhr. ein.<\/p>\n","protected":false},"author":9,"featured_media":0,"parent":0,"menu_order":0,"comment_status":"closed","ping_status":"closed","template":"","meta":{"footnotes":""},"class_list":["post-1055","page","type-page","status-publish","hentry"],"_links":{"self":[{"href":"https:\/\/www.paulusgemeinde-erbenheim.de\/index.php?rest_route=\/wp\/v2\/pages\/1055","targetHints":{"allow":["GET"]}}],"collection":[{"href":"https:\/\/www.paulusgemeinde-erbenheim.de\/index.php?rest_route=\/wp\/v2\/pages"}],"about":[{"href":"https:\/\/www.paulusgemeinde-erbenheim.de\/index.php?rest_route=\/wp\/v2\/types\/page"}],"author":[{"embeddable":true,"href":"https:\/\/www.paulusgemeinde-erbenheim.de\/index.php?rest_route=\/wp\/v2\/users\/9"}],"replies":[{"embeddable":true,"href":"https:\/\/www.paulusgemeinde-erbenheim.de\/index.php?rest_route=%2Fwp%2Fv2%2Fcomments&post=1055"}],"version-history":[{"count":28,"href":"https:\/\/www.paulusgemeinde-erbenheim.de\/index.php?rest_route=\/wp\/v2\/pages\/1055\/revisions"}],"predecessor-version":[{"id":1917,"href":"https:\/\/www.paulusgemeinde-erbenheim.de\/index.php?rest_route=\/wp\/v2\/pages\/1055\/revisions\/1917"}],"wp:attachment":[{"href":"https:\/\/www.paulusgemeinde-erbenheim.de\/index.php?rest_route=%2Fwp%2Fv2%2Fmedia&parent=1055"}],"curies":[{"name":"wp","href":"https:\/\/api.w.org\/{rel}","templated":true}]}}

<p><strong>Kinder-Frühstück</strong><br>in der Paulusgemeinde! Wir laden alle Kinder ab 4 Jahren an 6 Samstagen im Jahr, zu einem leckeren Frühstück, miteinander Singen, Spielen und zum Hören einer biblischen Geschichte in unser Gemeindehaus, Lilienthalstraße 15, immer von 9.00 – 11.30 Uhr. ein. Die Daten finden Sie auf unserer Seite &#8222;Termine&#8220;.<br>Um besser planen zu können, bitten wir jeweils um Anmeldung unter <a href="mailto:kinderfruehstueck-erbenheim@gmail.com">kinderfruehstueck-erbenheim@gmail.com</a><br>Pfr. Holger Fritz und das Kindergottesdienstteam der Ev. Paulusgemeinde</p>



<p><strong>Jungschar</strong></p>



<figure class="wp-block-image size-large is-resized"><img loading="lazy" decoding="async" width="726" height="1024" src="https://www.paulusgemeinde-erbenheim.de/wp-content/uploads/2023/11/jungschar-726x1024.png" alt="" class="wp-image-1752" style="width:356px;height:auto" srcset="https://www.paulusgemeinde-erbenheim.de/wp-content/uploads/2023/11/jungschar-726x1024.png 726w, https://www.paulusgemeinde-erbenheim.de/wp-content/uploads/2023/11/jungschar-213x300.png 213w, https://www.paulusgemeinde-erbenheim.de/wp-content/uploads/2023/11/jungschar-768x1083.png 768w, https://www.paulusgemeinde-erbenheim.de/wp-content/uploads/2023/11/jungschar.png 903w" sizes="auto, (max-width: 726px) 100vw, 726px" /></figure>

<p>Kinder-Frühstückin der Paulusgemeinde! Wir laden alle Kinder ab 4 Jahren an 6 Samstagen im Jahr, zu einem leckeren Frühstück, miteinander Singen, Spielen und zum Hören einer biblischen Geschichte in unser Gemeindehaus, Lilienthalstraße 15, immer von 9.00 – 11.30 Uhr. ein.</p>
